a + 2800 - 240 = -5*s, 532 = -s - 3*a. Let x = s + 1707. List the prime factors of x.
2, 5, 7, 17
Let h(r) = -742*r - 737*r + 1473*r + r**2 - 6. What are the prime factors of h(17)?
181
Let t(n) = 206*n + 11529. List the prime factors of t(0).
3, 7, 61
Let p be 1 - (-2 + 1)*-1. Let w be 5 - 2*(1 - p). Suppose w*q + 2*m = 19, -q = -5*q - 5*m + 16. List the prime factors of q.
3
Suppose 0 = -87*o + 1557328 + 3313715. What are the prime factors of o?
3, 6221
Suppose -1311 + 1351 = 5*u. What are the prime factors of 6*(u + -9) + 632?
2, 313
Suppose -5*m + 488 = -2*a + 63, 2*m + 4*a - 170 = 0. Suppose -4*n = m - 1189. What are the prime factors of n?
2, 3, 23
Suppose 0 = -4*i + 20, -8*i = -4*n - 10*i + 34. Let g(l) = 3*l**3 - 9*l**2 + 5*l + 9. What are the prime factors of g(n)?
3, 11
Suppose 19*v - 15*v = 12. Suppose 0 = -2*y + v*f + 750, 3*y = -y - f + 1472. Suppose 5*c + h - 453 = 0, -c + 5*c + 3*h - y = 0. What are the prime factors of c?
2, 3, 5
Suppose 19*a = -2*j + 1298, j + a - 260 = 355. List the prime factors of j.
13, 47
Let r = 22766 - 15222. Suppose r = 5*n + h, -2*n - 5*h + 1486 + 1527 = 0. List the prime factors of n.
3, 503
Suppose 0 = 8*n + 17 - 1. Let a be -110*((-3)/n + 2). List the prime factors of a/(-3) + 1/(-3).
2
What are the prime factors of 18355 + 0/(-5)*1/3*-3?
5, 3671
Let b = -21 - -25. Suppose -4*w + 208 = n, b*n + 0*w = -w + 862. What are the prime factors of n?
2, 3
Suppose 11*t - 36 = 8. Let y be t/22 - (-64)/11. Suppose -5*u + 196 = y. What are the prime factors of u?
2, 19
Suppose 14*k - 10061 = 41641. What are the prime factors of k?
3, 1231
Suppose -4*h = -5*h + 7. List the prime factors of ((-18)/(-4) + -4)/(h/2086).
149
Suppose 662 = m - 484. Suppose 1164 = 6*a - m. List the prime factors of a.
5, 7, 11
Let s(q) = 22*q**2 + 8*q - 6. Let i be s(-6). Let m = 1068 - i. What are the prime factors of m?
2, 3, 5, 11
List the prime factors of (-1188)/(-8)*10880/96.
2, 3, 5, 11, 17
Let g(j) = -30603*j + 1277. What are the prime factors of g(-1)?
2, 5, 797
Let d be 0 + 2/5 + (-14)/10. Let j be -1 - (2 - d - 72). Suppose 65*g - j*g + 753 = 0. What are the prime factors of g?
251
Suppose -25*s = -20*s - 650. Let y = s - -823. List the prime factors of y.
953
Let g = 7145 + -71. What are the prime factors of g?
2, 3, 131
Suppose 10*g = 7*g, -6 = -3*o - 4*g. Suppose 13 = o*r + 3*z - 792, 5*r - 2001 = 4*z. What are the prime factors of r?
401
Suppose 47*h + 130*h - 2594493 + 269598 = 0. List the prime factors of h.
5, 37, 71
Let w = 586 + -535. Suppose 45*r = w*r - 5784. List the prime factors of r.
2, 241
Let x(q) = -q**2 - 45*q - 82. Let k be x(-43). Suppose y + 0*y - 2 = 0. Suppose -7*v + 474 = -y*v + k*h, -285 = -3*v - 3*h. What are the prime factors of v?
2, 47
Suppose 2*j - 138 = -3*j + k, k - 105 = -4*j. List the prime factors of 14/30*5*j.
3, 7
Suppose 2*a = 3*q + 1, q - 6*q - a = 6. Let y = -2 + 4. List the prime factors of -3 - (q + y) - -20.
2
Suppose -1734*k = -1741*k + 28637. List the prime factors of k.
4091
Let a(p) = p + 10. Let x be a(-6). Suppose -7*h + 3*m = -9*h + 715, x*h + 3*m - 1427 = 0. What are the prime factors of h?
2, 89
Let o(x) = x**3 + 13*x**2 - 26*x + 815. What are the prime factors of o(17)?
9043
Suppose 9*v - 23*v + 28 = 0. Suppose -2*u - 23 = -n, -3*n + 73 = v*u - 4*u. What are the prime factors of n?
5
Let h(n) = -n**3 + n**2 - 20*n - 18. Let b(d) = -2*d**2 + 22*d - 11. Let x be b(11). What are the prime factors of h(x)?
2, 827
Let g(o) = -35*o**2 - 2*o + 4. Let t(b) = -b + 1. Let n(i) = -2*g(i) + 6*t(i). Let d(a) = a**2 - 21*a + 67. Let p be d(17). What are the prime factors of n(p)?
2, 5, 7
Let w be -18*6636/(-18) - 6. Suppose -12 = 21*i - 24*i, -5*n + w = -5*i. What are the prime factors of n?
2, 5, 7, 19
Let f(i) = 56*i - 2. Let v(q) = -q**3 - 27*q**2 + 26*q - 55. Let j be v(-28). Let d be f(j). Suppose -p = 2*p - d. List the prime factors of p.
2, 3
Suppose -11*d = d - 76836. List the prime factors of d.
19, 337
Suppose 2*d - 9 = 3. Let k = d + -4. Suppose -5*p = 3*o - 108, -k*p - o + 9 = -35. What are the prime factors of p?
2, 3
Suppose 0 = -36*r - 6*r + 219704 + 262288. What are the prime factors of r?
2, 19, 151
Suppose s = -162*n + 160*n + 6631, -5*s = 2*n - 33131. What are the prime factors of s?
5, 53
List the prime factors of (-33)/(-165) + 61374*(-1)/(-5).
5, 491
Let y(u) = -2*u**2 - u - 1. Let j(f) = 2*f**3 + 22*f**2 + 21*f + 9. Let p be j(-10). Let z be y(p). Let o(k) = -46*k + 1. What are the prime factors of o(z)?
3, 31
Suppose 5*y - 50105 = -3*q, 0 = 2*q - 6*q - 3*y + 66825. Suppose -8*x = 7*x - q. List the prime factors of x.
2, 557
Suppose -5*x - 36 = -7*x. Suppose 0 = -9*n + x*n - 5436. Suppose o - n = -4*w + 6*o, -2*o = 0. What are the prime factors of w?
151
Suppose -o = 5*y - 20, o + 1 = -2*y + 12. Suppose -2*m - 4*u + 8 = 0, 0*u + y*u = 2*m - 1. Suppose 4 = 3*a - a, m*a = r - 178. What are the prime factors of r?
2, 7, 13
Let f be (45/25 - 2)*2335. Let m = -274 - f. What are the prime factors of m?
193
Let q(p) = -80 + 26 + 17*p**2 + 11*p + 34. What are the prime factors of q(4)?
2, 37
Let n = 265 - 257. List the prime factors of 588/(-72) + n - 8054/(-12).
11, 61
Suppose 14*q + 263439 = 17*q + 24*q. List the prime factors of q.
11, 887
Suppose 43*y - 47*y + 280 = 0. Let n be (-4)/(-10) - (-50722)/y. Suppose 5*r + 5*q = n, -4*q - q + 580 = 4*r. List the prime factors of r.
5, 29
Let r = 10975 + -7384. List the prime factors of r.
3, 7, 19
Let w = -15 - -18. Let a be -4 - (247/(-26) - w/(-2)). Suppose -586 + 34 = -a*c. List the prime factors of c.
2, 3, 23
Suppose -100*l + 98*l = -106. Suppose 3321 = 56*d - l*d. List the prime factors of d.
3, 41
Let o(m) = m - 16. Let a be o(18). Suppose -12 = -3*d, -2*w + a*d = -1 + 5. Suppose -2*y + w*r = -154, 2*y + r = -y + 223. What are the prime factors of y?
3, 5
Let n = -11034 - -37539. What are the prime factors of n?
3, 5, 19, 31
Suppose -3*o = -4*o + 20. Suppose 0*g - 5*g = -o. Suppose 3*j = 9, 2*r - g*r - j = -139. What are the prime factors of r?
2, 17
Let i(g) = g**3 - 10*g**2 - 15*g - 27. Let d(m) = -m**2 + 33*m - 20. Let s be d(32). What are the prime factors of i(s)?
3
Let v(g) = 1731 - 2*g**2 + g**2 - 1644 - 2*g. Let x(j) = j**2 + 7*j - 8. Let b be x(-8). What are the prime factors of v(b)?
3, 29
Let d(v) = 12*v**2 - 7*v + 217. List the prime factors of d(33).
2, 61, 107
Suppose 5*n + 15 = 65. Suppose -n*v + 425 = -395. List the prime factors of v.
2, 41
Let g be (-4)/(-26) - (-54)/(-351). Suppose -4*o = 3*b - 2974, 4*o + g*b = 4*b + 2988. What are the prime factors of o?
5, 149
Suppose -4*q - i + 25 = -45, -5*i = 2*q - 26. Suppose 21*f - 15*f - q = 0. Suppose 3*m - 17 = f*j - 4*j, 3*m - 109 = -5*j. List the prime factors of j.
23
Let k be 2/6*((-8)/(-1) - 2). Suppose -3*r + 403 = -2*r - 4*c, 421 = r + k*c. What are the prime factors of r?
5, 83
What are the prime factors of ((-6)/(-4))/(177/10856)*(-1 + 197)?
2, 7, 23
Let u(n) = -149*n + 18. Let r be u(-8). Suppose -4*q - 5*o + 2410 = -3*o, 2*q + 2*o - r = 0. Suppose -6*w + q = 2*w. List the prime factors of w.
3, 5
Suppose -20*m + 71145 = 3*q, -102 = -2*q - 112. List the prime factors of m.
2, 3, 593
Let p(m) = 3*m**2 + 61*m - 11. Let i be p(-15). Let b = i - -469. List the prime factors of b.
2, 109
Let m(g) = -g**3 + 5*g**2 + 4*g + 14. Let s be m(6). Suppose s*i + 398 = -0*k - k, -587 = 3*i + 4*k. Let r = 360 + i. What are the prime factors of r?
3, 53
Let y be (-12 + 0)/(2/(-3)*1). Suppose -5020 = 14*u - y*u. List the prime factors of (-1)/((-5 + 0)/u).
251
Let m(i) = -2 - 22544*i + 17 + 22539*i. Suppose -5*f + 2*f + 4*w - 71 = 0, -5*f - 3*w = 70. List the prime factors of m(f).
2, 5
List the prime factors of 42/(-4 - 38) - 4634*-1.
41, 113
Let t(v) = -10*v + 51. Let d be t(-14). Let m = d + -58. List the prime factors of m.
7, 19
Suppose 0*j + 9 = 3*j. Suppose 4*k = 2*k + j*s + 1, k = s + 1. Suppose -3*g + 75 = -5*w, k*w + 114 = 2*g + 2*g. What are the prime factors of g?
2, 3, 5
Let y(a) = 299*a + 4048. What are the prime factors of y(37)?
3, 23, 73
Suppose 0 = i + 4*a - 7893, 5*i = -32*a + 34*a + 39553. List the prime factors of i.
11, 719
Let v = 15 - 7. Let x(k) = 59*k + 23. What are the prime factors of x(v)?
3, 5, 11
Let y(p) = -p**2 + 62*p - 39